s y a multiple of 17?
False
Let m(q) = -20*q + 6. Let y be m(-5). Suppose -y - 6 = -2*f. Is 14 a factor of f?
True
Let w(s) = s**2 + 5*s - 8. Let a be w(-6). Let p be 2 + (a + 1)/(-1). Suppose c = 5*g - 19, 0*g - p*c = 2*g - 11. Does 3 divide g?
False
Let n(m) = 20*m**2 + 3*m + 1. Is 23 a factor of n(-2)?
False
Suppose 5*b = -5*v + 35, -2 = -v + 1. Let s = b - 6. Is 9 a factor of 2 + 16/(s/(-2))?
True
Suppose -2*d = 2*i - 84, i - d + 6*d - 42 = 0. Is i a multiple of 14?
True
Let q = 7 - 1. Let a be (-3 + 5)/(q/15). Suppose -m + 15 = a*o + 1, -3*o + 4*m = 10. Is 2 a factor of o?
True
Let a = 22 - 9. Does 8 divide a?
False
Suppose -5*f + 62 - 167 = -5*b, 42 = 2*b + 3*f. Suppose 12 = 6*k - 3*k. Let i = b - k. Is i a multiple of 8?
False
Suppose -9*g + 732 - 147 = 0. Is 13 a factor of g?
True
Suppose -166 = 5*o - 391. Is 9 a factor of o?
True
Suppose 2*z + 5*n = 4*n - 3, 4*n - 32 = 3*z. Let i be 182/z + (-4)/(-8). Let g = i - -88. Does 15 divide g?
False
Let k = 79 + -42. Let v = k - 8. Let t = v - -9. Is t a multiple of 15?
False
Let s be 0 + (7 - (4 - 2)). Suppose -3*i = 2*u - 10, 0*i - 2*i - 6 = -s*u. Let p = u + 2. Does 2 divide p?
True
Let n(j) = -9*j - 9. Is 8 a factor of n(-5)?
False
Suppose 0 = 5*o - 35 - 150. Does 4 divide o?
False
Suppose -4*g = -0*g - 164. Does 21 divide g?
False
Let g(o) = -o**2 + 10*o - 4. Let d be g(6). Suppose -d = -4*v - 0*v. Is 2 a factor of v?
False
Let i be 3*(-2*1 + 1). Let y = i + 11. Let w = -5 + y. Is 3 a factor of w?
True
Let l(h) be the third derivative of -7*h**6/120 - h**4/24 + 3*h**2. Does 4 divide l(-1)?
True
Let w = 30 + -25. Is 2 a factor of w?
False
Let h(n) = -n**3 + 7*n**2 + 3*n - 7. Suppose 2*a + 48 = 6*a + 5*f, 0 = -3*a - 5*f + 41. Is h(a) a multiple of 7?
True
Let p be 2 - -11 - 6/(-2). Let v = 39 - p. Does 8 divide v?
False
Suppose -1104 = -10*l - 24. Is l a multiple of 9?
True
Suppose -141 = -5*v - f, 4*f = -v + 4*v - 80. Is 7 a factor of v?
True
Let z(h) = 4*h**2 - 3*h - 2. Let y be z(3). Suppose 2*l = -i + 33, 3*l = 4*i + y - 168. Suppose i = 5*x - 0*x. Is x a multiple of 5?
False
Let g be 4/22 + 31/11. Suppose 4*c + 3*v - v - 72 = 0, -4*c - g*v = -70. Does 5 divide c?
False
Let s = -4 - -79. Is 4 a factor of s?
False
Let x be (2 - 321/(-3)) + 1. Suppose 3*d + 4*g = -0*g + x, 0 = -3*d + g + 115. Is d a multiple of 15?
False
Let u = -5 - -8. Let t(m) = 20*m**2 - 5 + u + 1. Is t(1) a multiple of 9?
False
Let z = -294 - -472. Is z a multiple of 13?
False
Let d = 0 - -3. Suppose -2*k = -d*k + 33. Does 22 divide -6*(-4)/18*k?
True
Suppose -4*x = -x. Suppose -1 - 2 = -3*f - 3*b, f + 4*b + 5 = x. Is 3 a factor of f?
True
Suppose -4*h - l = 2*l - 191, -2*l + 2 = 0. Let g = 79 - h. Is g a multiple of 16?
True
Let z = 18 - 15. Suppose 3*c = 5*x - 81, z*x - c - 8 = 43. Is x a multiple of 5?
False
Let i = 0 + 0. Suppose -o + 5 = -i*o. Does 4 divide o?
False
Suppose -5*j - 4*f - 45 = f, 17 = -3*j + 2*f. Let w = j + 8. Does 14 divide 10/(w/((-10)/(-4)))?
False
Let z = -21 - -13. Let y = 10 + z. Suppose y*s - 4*v - 20 = 0, 0 = -3*s - 3*v + 3 + 27. Is 6 a factor of s?
False
Let i be ((-21)/(-2))/(-3)*-2. Let g(d) = 17*d + 5 - 12*d - 3 - 4. Does 11 divide g(i)?
True
Suppose 0 = 2*x - 2*i - 56, 5*x - 104 = 3*i + 38. Does 6 divide x?
False
Suppose 4*h - 17 + 5 = 0. Let u(r) = 4 - 3 + 4*r**2 - r**3 + 0. Does 10 divide u(h)?
True
Suppose 0 = -4*i - 16, 7*y + 3*i + 111 = 4*y. Let w = y - -49. Does 16 divide w?
True
Suppose -24 = 5*a - 2*a. Let j(u) = -u**3 - 7*u**2 - 8. Is 12 a factor of j(a)?
False
Let f(l) = 23*l**3 - l**2 - l + 1. Let s be (4 - -2)*(2 + 0). Suppose -15 = -5*v, -3*u + 8*v - 3*v = s. Is f(u) a multiple of 22?
True
Let i(y) be the first derivative of -y**2/2 + 2*y - 3. Does 7 divide i(-5)?
True
Let z = 28 - 64. Let t = 84 + z. Is 13 a factor of t?
False
Suppose 8 = -0*w + 2*w. Suppose 5*a - w*a + 3*g = 4, 3*g = 4*a + 29. Does 11 divide (-2)/a + 108/5?
True
Does 7 divide 3 - -48*(-4)/(-6)?
True
Suppose -5*b - 5 = -4*u, 2*u - b + 1 = -2*b. Suppose -5*o = 2*v - 49, v - 3*o + 2*o - 7 = u. Let t = v + 8. Is 9 a factor of t?
False
Let i(j) = 16*j**2 - 1. Suppose 5*f = 1 + 4. Does 7 divide i(f)?
False
Suppose q - 3*w = -45, -115 = 2*q + 2*q + w. Let i = -17 - q. Is 5 a factor of i?
False
Let l(c) = c**3 + 6*c**2 - 10*c - 4. Let u = 8 + -15. Is 6 a factor of l(u)?
False
Let s = 31 - -14. Does 12 divide s?
False
Let q(i) = 0*i**2 + 3*i**2 + 6 + 5*i + 3*i - 10*i. Does 13 divide q(-3)?
True
Suppose u - m + 12 = 4*u, 24 = 5*u + 3*m. Suppose 4*f = 5*d + 1, 5*d + 0 - 3 = u*f. Suppose -v + d = -0*v. Is v even?
False
Let z = -28 - -46. Let v = z - 8. Suppose -6*d = -4*d - v. Does 2 divide d?
False
Let c = 771 - 395. Is 47 a factor of c?
True
Let d be 5 - -2 - 2*1. Let k = 7 - d. Suppose 5*c + 5*h = 45 + 75, 50 = k*c + h. Does 13 divide c?
True
Let u = -22 - 15. Let i = -24 - u. Is i a multiple of 9?
False
Suppose 13 = s - 5*l - 30, -2*l - 238 = -5*s. Suppose 5*q = -4*v + 135, -v + 6 = 2*q - s. Does 9 divide q?
True
Is 4 a factor of 4 - 8 - (0 - 20)?
True
Suppose 5*x = -4*m + 192, -3 = -4*x + 3*m + 132. Does 6 divide x?
True
Let x be (-2)/(-6) - 4/(-6). Let v be x/(((-6)/(-2))/51). Let a = v + -11. Is a a multiple of 4?
False
Suppose -3*c + c + 8 = 0. Suppose 0*f + f - 25 = -c*n, 4*f - 175 = -n. Is 17 a factor of f?
False
Suppose 3*r + 0*r = 2*d + 4, 4*d = -4*r + 12. Let s = d + 0. Let g = s + 1. Does 2 divide g?
True
Suppose -5 = -5*f + 5. Suppose f*t - 14 = -4*l, 3*t - 5*l = -t + 54. Does 5 divide (-1 + t/(-2))*-2?
False
Suppose 0 = 2*j + j - 87. Is 18 a factor of j?
False
Suppose a + z - 6*z = 74, -a + 64 = 5*z. Is 8 a factor of a?
False
Does 12 divide 2/4 + (-1077)/(-6)?
True
Suppose -3*y + 90 = -y. Is 15 a factor of y?
True
Suppose -4*t = 4*h + 69 - 729, -3*t = -5*h + 841. Does 15 divide h?
False
Let d(z) = -z**2 + 9*z + 4. Let x be d(8). Let v = -5 - -7. Suppose 0*h - x = -v*h. Is h a multiple of 6?
True
Is 146/10 - (-10)/25 a multiple of 9?
False
Let x(t) = 2*t**2 + t**3 - 3*t + t**2 - t**2 - 6. Let f be x(-4). Let p = f + 55. Does 15 divide p?
False
Let l(z) = -16*z - 15. Let n be l(-10). Suppose 2*o - 7*o = -n. Is 24 a factor of o?
False
Suppose -5*t + 1 = 11, 0 = 4*d - 3*t - 18. Is ((-16)/(-12))/(2/d) even?
True
Let z(o) = 5*o - 4. Is 13 a factor of z(9)?
False
Let q(o) = o - 7. Let m be q(7). Suppose -4*r + 19 = -f - m, -3*r + 23 = f. Does 3 divide r?
True
Let f = 11 + -1. Suppose -2*z - 36 = -3*r - 152, -r = 2*z - 116. Suppose 0 = -4*v + 3*b + z, f*v = 5*v - 4*b + 88. Is v a multiple of 8?
True
Is 22 a factor of 1/((-4)/(-16)) + 18?
True
Suppose -4*d = t + 24, 2*t - 7*t + 13 = d. Let g(o) = -o**3 - 6*o**2 + 6*o + 2. Let c be g(d). Does 13 divide 36 - (-3 + c/3)?
False
Let a(c) = c**3 + 2*c**2 - 2*c - 2. Let k be a(-2). Suppose 3*l = -k*r + 3*r + 196, -r - 328 = -5*l. Is 26 a factor of l?
False
Suppose 4*l = u - 0*u + 87, 2*u + 82 = 4*l. Let r be ((-2)/(-2))/((-1)/l). Let v = 39 + r. Does 8 divide v?
True
Let a = 35 - -34. Suppose 4*h - h = a. Does 7 divide h?
False
Let t(r) = -r**3 + 8*r**2 + 10. Is t(7) a multiple of 19?
False
Suppose j = -j + 4. Let h be (48/3)/(-1)*j. Let p = h + 54. Is 8 a factor of p?
False
Suppose 5*a - 85 = -w + 95, 0 = -3*a - 2*w + 101. Let t = a + -26. Let k = 15 - t. Does 4 divide k?
True
Suppose -2*j = 3 - 11. Let r = j + -1. Suppose -2*i - r*i + 95 = 0. Is 12 a factor of i?
False
Suppose 0 = 3*y - 5*y + 156. Let u = 118 - y. Is 13 a factor of ((-6)/(-15))/(1/u)?
False
Let h(f) = 10*f**3 - f**2 - 18*f**3 + 47*f**3. Let c be h(1). Let w = c - 18. Does 12 divide w?
False
Let m = 3 + -4. Let l be m/(-3)*0 + 2. Is 9 a factor of l/(-4) + 95/10?
True
Let c(w) = w**2 + 7*w + 27. Does 33 divide c(-11)?
False
Let b(s) = -2*s + 2. Suppose -4*g + 3*g + 14 = 0. Suppose 5*t + 6 = -g. Is b(t) a multiple of 10?
True
Suppose -c = -0*c. Suppose c = -2*x - w + 58, 0 = -5*x - w - 4*w + 145. Is x a multiple of 9?
False
Let m be (-4)/5*-2*5. Let b = m - 4. Suppose b*p + 2*t = 24, 0*t - 18 = -3*p + 3*t. Is 6 a factor of p?
True
Suppose 0 = -h - 3*s - 13, -s = -h - 3 + 10. Let w(m) = 12*m - 3. Is w(h) a multiple of 21?
True
Let d(g) = -g**3 + 13*g**2 + 7. Suppose 5*m - 33 - 52 = -5*r, 0 = m + 5*r - 33. Let n be d(m). Is 16 a factor of (n/(-14))/((-2)/76)?
False
Suppose 0 = 5*y - 354 - 1. Is